of 183703957?
7
What is the hundred thousands digit of 36321118?
3
What is the hundred millions digit of 255843194?
2
What is the ten millions digit of 23928040?
2
What is the hundred millions digit of 1455385035?
4
What is the ten thousands digit of 57812765?
1
What is the millions digit of 99357739?
9
What is the ten millions digit of 3654527745?
5
What is the ten thousands digit of 37084590?
8
What is the units digit of 67904433?
3
What is the ten millions digit of 15490267?
1
What is the hundred millions digit of 318202919?
3
What is the thousands digit of 257268356?
8
What is the billions digit of 1806676422?
1
What is the ten thousands digit of 353711773?
1
What is the hundreds digit of 96813087?
0
What is the hundred thousands digit of 658228093?
2
What is the hundreds digit of 2882414041?
0
What is the tens digit of 2745866805?
0
What is the hundreds digit of 269008304?
3
What is the tens digit of 81469214?
1
What is the units digit of 94702909?
9
What is the hundreds digit of 1099454915?
9
What is the ten thousands digit of 1503858170?
5
What is the ten millions digit of 25961501?
2
What is the hundred thousands digit of 75720363?
7
What is the thousands digit of 5721994232?
4
What is the billions digit of 5232054659?
5
What is the hundred thousands digit of 1828338257?
3
What is the ten millions digit of 1077270512?
7
What is the millions digit of 1167112639?
7
What is the thousands digit of 210982521?
2
What is the hundreds digit of 24638618?
6
What is the tens digit of 90928324?
2
What is the hundreds digit of 856739898?
8
What is the millions digit of 64133363?
4
What is the ten thousands digit of 10981166?
8
What is the tens digit of 24196428?
2
What is the hundred thousands digit of 539659820?
6
What is the tens digit of 68413292?
9
What is the tens digit of 63030263?
6
What is the hundred millions digit of 995647656?
9
What is the billions digit of 2862527566?
2
What is the hundred thousands digit of 231802219?
8
What is the thousands digit of 50772844?
2
What is the units digit of 90141384?
4
What is the ten millions digit of 1164459195?
6
What is the tens digit of 1248191743?
4
What is the thousands digit of 3412550754?
0
What is the hundred millions digit of 186873257?
1
What is the tens digit of 142428382?
8
What is the millions digit of 158102093?
8
What is the ten millions digit of 29322569?
2
What is the hundreds digit of 50723066?
0
What is the hundred thousands digit of 80914601?
9
What is the units digit of 1210423168?
8
What is the hundred millions digit of 3454305994?
4
What is the ten millions digit of 398971196?
9
What is the hundred thousands digit of 68258228?
2
What is the hundreds digit of 394757820?
8
What is the units digit of 2564304185?
5
What is the hundred thousands digit of 200457698?
4
What is the ten millions digit of 3426375359?
2
What is the ten thousands digit of 180781905?
8
What is the ten millions digit of 547955718?
4
What is the hundreds digit of 1724704514?
5
What is the hundred thousands digit of 652889864?
8
What is the ten millions digit of 3292969322?
9
What is the thousands digit of 84845887?
5
What is the millions digit of 911754191?
1
What is the hundreds digit of 19909968?
9
What is the ten thousands digit of 95186054?
8
What is the ten thousands digit of 1230357441?
5
What is the millions digit of 200099339?
0
What is the units digit of 182425649?
9
What is the units digit of 565142770?
0
What is the hundred thousands digit of 1167186482?
1
What is the units digit of 1643372212?
2
What is the millions digit of 367609931?
7
What is the millions digit of 22582415?
2
What is the ten thousands digit of 499158642?
5
What is the ten thousands digit of 652154379?
5
What is the ten millions digit of 153548070?
5
What is the hundred thousands digit of 320743983?
7
What is the thousands digit of 3589327934?
7
What is the hundred thousands digit of 32337725?
3
What is the hundreds digit of 1567825716?
7
What is the tens digit of 4590245716?
1
What is the hundred thousands digit of 44265043?
2
What is the tens digit of 75370052?
5
What is the hundred thousands digit of 52776937?
7
What is the ten thousands digit of 563478?
6
What is the hundreds digit of 2414592870?
8
What is the units digit of 783883959?
9
What is the ten thousands digit of 144427382?
2
What is the hundred millions digit of 4355792415?
3
What is the hundreds digit of 187714602?
6
What is the hundred millions digit of 333342028?
3
What is the millions digit of 48518060?
8
What is the ten millions digit of 174541808?
7
What is the tens digit of 234725399?
9
What is the units digit of 1300696347?
7
What is the millions digit of 460592624?
0
What is the hundred millions digit of 813378367?
8
What is the ten thousands digit of 825927323?
2
What is the thousands digit of 642036653?
6
What is the ten thousands digit of 277286968?
8
What is the tens digit of 3264048162?
6
What is the hundreds digit of 1300389723?
7
What is the hundreds digit of 234956892?
8
What is the millions digit of 295798498?
5
What is the hundred millions digit of 510171529?
5
What is the hundreds digit of 54909856?
8
What is the units digit of 4434103?
3
What is the tens digit of 1783532960?
6
What is the hundred thousands digit of 37049742?
0
What is the ten thousands digit of 5759102168?
0
What is the units digit of 268152812?
2
What is the hundreds digit of 30972376?
3
What is the hundred thousands digit of 849415311?
4
What is the tens digit of 8649688?
8
What is the units digit of 3737301?
1
What is the units digit of 57637730?
0
What is the thousands digit of 2005653202?
3
What is the thousands digit of 821063561?
3
What is the hundred thousands digit of 133379080?
3
What is the ten thousands digit of 53289713?
8
What is the ten thousands digit of 31418739?
1
What is the units digit of 124707503?
3
What is the millions digit of 289473390?
9
What is the hundred millions digit of 3446018855?
4
What is the hundreds digit of 2276234538?
5
What is the hundred millions digit of 1408818807?
4
What is the hundred millions digit of 237272219?
2
What is the hundred thousands digit of 202668254?
6
What is the ten millions digit of 1142278909?
4
What is the units digit of 1820967537?
7
What is the ten thousands digit of 6642520479?
2
What is the ten millions digit of 41264614?
4
What is the hundred millions digit of 674911385?
6
What is the hundred thousands digit of 574871985?
8
What is the hundred thousands digit of 643656713?
6
What is the thousands digit of 108387762?
7
What is the thousands digit of 374758654?
8
What is the hundred thousands digit of 199692134?
6
What is the ten millions digit of 1907640430?
0
What is the ten millions digit of 2376144563?
7
What is the hundred thousands digit of 432341646?
3
What is the tens digit of 47944710?
1
What is the ten millions digit of 1126560711?
2
What is the thousands digit of 446658444?
8
What is the millions digit of 313725145?
3
What is the millions digit of 1822096196?
2
What is the units digit of 13869235?
5
What is the hundred thousands digit of 74814532?
8
What is the hundred thousands digit of 13806502?
8
What is the hundred millions digit of 716508204?
7
What is the millions digit of 302336142?
2
What is the hundreds digit of 3495368723?
7
What is the thousands digit of 3633815340?
5
What is the thousands digit of 266002263?
2
What is the ten thousands digit of 32611068?
1
What is the thousands digit of 397539926?
9
What is the millions digit of 483154487?
3
What is the units digit of 274956991?
1
What is the tens digit of 2149232660?
6
What is the thousands digit of 2002304079?
4
What is the hundred millions digit of 1328413208?
3
What is the tens digit of 428569268?
6
What is the hundred millions digit of 243169443?
2
What is the hundreds digit of 216679143?
1
What is the thousands digit of 60460610?
0
What is the billions digit of 1486559376?
1
What is the hundreds digit of 117014766?
7
What is the millions digit of 122441284?
2
What is the thousands digit of 1119153804?
3
What is the hundreds digit of 60812635?
6
What is the units digit of 604084795?
5
What is the tens digit of 430502807?
0
What is the hundred millions digit of 866869148?
8
What is the thousands digit of 47035361?
5
What is the thou